are the prime factors of z?
3, 2753
Let h be (-25)/125 - (-622)/10. Suppose -67 = 3*c + 2*o, 5*c + 22 = 4*c - o. Let r = h + c. What are the prime factors of r?
3, 13
Suppose -5*u - 7 = -2*k, 0*k + 1 = 2*k + u. Let s be 18 + (2 - k) + (4 - 7). What are the prime factors of 240/4*s/20?
2, 3
Suppose -6*z + 57 = -3735. Suppose 2*v = 4*x - z, -2*v - 54 = -3*x + 418. What are the prime factors of x?
2, 5
Suppose -2*a - 2*j + 88 = 0, 3*j = -a + 18 + 22. Let l = 112 + a. List the prime factors of l.
2, 79
Suppose 73*x + 63*x = 7480. Suppose z = 5, -4*b + 75 = -5*z + 252. Let w = x + b. List the prime factors of w.
17
Let n be (-3)/15 + 34/(-5)*1. List the prime factors of 1042/10 - n/(-35).
2, 13
Suppose -27*i = -30*i, 3072 = 3*s + 5*i. Suppose 0*m = x + 2*m - s, 2*m = -4. List the prime factors of x.
2, 257
Let b(s) = -532*s + 1379. List the prime factors of b(-5).
7, 577
Suppose 6*k - 44 = 4*k + 2*u, -4*k + 91 = -5*u. Let d(x) = 25 + 634*x**2 + x**3 - 30*x - 2*x - 651*x**2. What are the prime factors of d(k)?
139
Let h(s) = 2*s**3 - 2*s**2 - 3*s + 4. Let o be h(2). What are the prime factors of o/(0 - -3) + 572?
2, 7, 41
Suppose 2*o = 5*h + 459, 311 = o + 3*h + 98. Let l = 942 - o. List the prime factors of l.
2, 3, 5
Let f(s) = 26*s - 110. Let u be f(-18). Let o = -251 - u. List the prime factors of o.
3, 109
Suppose -70*k = l - 65*k - 26404, 3*l + 5*k - 79192 = 0. What are the prime factors of l?
2, 3, 53, 83
List the prime factors of ((-29)/((-1740)/(-48)))/(1 - (-102877)/(-102875)).
2, 5, 823
Let g = 4059 + -3313. List the prime factors of g.
2, 373
Let k = 3 + 2. Let d be k + (2/(-2) - -476). Suppose -d = -22*w + 16*w. What are the prime factors of w?
2, 5
Let b(a) = 11*a**2 - 2*a - 2. Let p = -22 + 27. Suppose p*w + 0*w = 15. What are the prime factors of b(w)?
7, 13
Suppose -4*j - 5*b = -15908, -4281 + 16212 = 3*j - 4*b. List the prime factors of j.
41, 97
Let w(g) = g**2 - 17*g + 71. Let t be w(5). Suppose -7*p - 1240 = -t*p. List the prime factors of p.
2, 5, 31
Let r(b) = 11*b**2 + 4*b**2 + 13 + 7*b**2 - 20*b**2 - 8*b. Let l be r(2). Suppose -p + 61 = 5*t + l, -t + 1 = 0. List the prime factors of p.
3, 17
Let o(k) = 2*k**2 - 7*k + 1. Let d = 58 - 62. Let t be o(d). Let g = 136 - t. What are the prime factors of g?
3, 5
Let x(d) = 18*d**3 - 15*d**2 - 35*d + 38. Let l(n) = 8*n**3 - 8*n**2 - 17*n + 19. Let g(u) = 5*l(u) - 2*x(u). What are the prime factors of g(6)?
433
Let z(i) be the third derivative of -i**4/24 - 4*i**3/3 + 12*i**2. Let x be z(-9). What are the prime factors of x/4 - 862/(-8)?
2, 3
Let n be 0/10*(-2)/(1 - -1). Suppose -7*g - q = -3*g + 620, n = -5*g - q - 774. List the prime factors of (3 + g)/((-3)/3) - 1.
2, 3, 5
Let r(k) = 3*k**3 - 28*k**2 + 99*k + 29. What are the prime factors of r(7)?
379
List the prime factors of (-13596)/(-2) + (-10)/(330/(-40) + 7).
2, 41, 83
List the prime factors of -16 + 19 - -7 - -34082.
2, 3, 947
List the prime factors of 18/(-14)*1769950/(-390).
3, 5, 389
Let f = -135 + 135. Suppose -2*c - 5*t + 688 = f, -887 = -3*c - 5*t + 135. List the prime factors of c.
2, 167
Let p(x) = 57*x**2 - 4*x - 7. Suppose 9*j + 2*q = 8*j + 11, j - 2*q + 5 = 0. List the prime factors of p(j).
2, 13, 19
Suppose 2*p + 5*a = 10553, 15787 = 3*p + a - 2*a. What are the prime factors of p?
2, 7, 47
Suppose 272*u + u - 7372348 = -56221. List the prime factors of u.
3, 8933
What are the prime factors of (53352/285)/((-2)/(-9) - (-172)/(-855))?
2, 3, 13, 19
Suppose 2 = 6*a + 2. Suppose a*f - 291 = -f + c, 0 = -3*c. Let g = f + -92. What are the prime factors of g?
199
Let p be (-2 + 14)*15/(-12)*-21. Suppose 2*c - p = -c. Suppose 7*u = 4*u + c. What are the prime factors of u?
5, 7
Let p be 5/(-70)*-7*1798. Let f = -191 + p. List the prime factors of f.
2, 3, 59
Let a be (0*(-4 + 3/1))/1. Suppose c + 4*m - 322 = a, 0*c = -3*c + 3*m + 1011. What are the prime factors of c?
2, 167
Suppose -4*c + 6 + 2 = 0. Let o be (c*3)/(15/20). What are the prime factors of ((-15)/54 - o/36)*-144?
2, 3
Let o(w) = -7*w**2 + 20*w + 33. Let l be o(15). Let v = -590 - l. Let d = 927 - v. List the prime factors of d.
5, 11
Let z(l) = 369*l + 321. List the prime factors of z(14).
3, 31, 59
Suppose 0 = 14*j - 18*j + 900. Let d = j - -94. What are the prime factors of d?
11, 29
Let i = -106571 + 153047. List the prime factors of i.
2, 3, 1291
Suppose 2*x = 5 + 5. Let y(r) = r**3 - 7*r**2 - 2*r + 9. Let i be y(x). Let p = i - -259. List the prime factors of p.
2, 13
Suppose -11*o + 8*o + 516 = 0. Let i be 2/(-3) - 2278/(-51). Suppose -8*p + i = -o. What are the prime factors of p?
3
Let m be -7*(3 - (2 + 2)). List the prime factors of 3*m/(-21)*-775.
5, 31
Let s be (-16)/(-20)*5/20*-10. What are the prime factors of 5 + -2 - s*246?
3, 5, 11
Let i = -134 + 528. Let c = 967 - i. What are the prime factors of c?
3, 191
Let v be -62*(105/(-6) - -5). Let o = -437 + v. What are the prime factors of o?
2, 13
Let m(s) = -67*s + 10. Let g(k) = -2*k + 1. Let q(u) = -3*g(u) - m(u). What are the prime factors of q(5)?
2, 11
Let u = -484 + 635. Let v be -74*(-1)/6*-3. Let y = u + v. List the prime factors of y.
2, 3, 19
Let m(n) = n**3 + 11*n**2 + 11*n - 46. Let f(p) = -p - 1. Let q(d) = 5*f(d) - m(d). What are the prime factors of q(-9)?
23
Let g be 3/(-5) - 2508/(-55). Let w be ((-1)/((-3)/4))/(30/g). Suppose -w*c - 2*c + 3*o = -2, 3*o - 4 = c. List the prime factors of c.
2
Let o(q) = q**3 - 8*q**2 + 3*q + 48. Let z be o(7). Let u(c) = 20*c - 60. List the prime factors of u(z).
2, 5, 17
Suppose -78*m + 63093 = -473102 - 990577. What are the prime factors of m?
2, 9787
Let l be 6/(-39) - 10519/(-13). Let k = l - -254. List the prime factors of k.
1063
Let d(j) = j**3 - 134*j**2 - 963*j - 100. List the prime factors of d(141).
2, 821
Suppose 23*p = 9*p + 230734. Suppose -29*s - 1459 = -p. What are the prime factors of s?
2, 7, 37
Suppose -62673 = -36*k + 47811. Suppose -20*m - 11*m = -k. What are the prime factors of m?
3, 11
Suppose 0 = -17*k + 75400 - 24298. Suppose k = 157*c - 155*c. List the prime factors of c.
3, 167
Suppose -27*v - 16*v + 171775 = -18*v. List the prime factors of v.
6871
Suppose -536202 = -31*b + 1094677. What are the prime factors of b?
52609
Let p = -31 - -1. Let m be 12/10*(-100)/p. Suppose -4*a + 102 = 2*d, 0 = d + 7*a - m*a - 52. List the prime factors of d.
7
Let o be (-2 + 14)/1*3/4. What are the prime factors of 3/(-4) + o/12 + 539?
7, 11
Let h = 3847 + -1894. Let s = h - 439. What are the prime factors of s?
2, 757
Let c(g) = g**2 - 5*g + 0*g**2 + 6 + 4*g. Let w be c(-5). Suppose 5*b = 3*b + w. List the prime factors of b.
2, 3
Let v(r) be the first derivative of 3/4*r**4 - 8 + r**3 - 4*r**2 + 3*r. List the prime factors of v(4).
211
Let w(a) = 3 - 6 - 33*a + 4 - 6*a - 4. List the prime factors of w(-6).
3, 7, 11
Let i = -4221 - -7431. What are the prime factors of i?
2, 3, 5, 107
Let n = -26 - -17. Let y(b) = -6*b - 13. Let f be y(n). Let t = f + -33. What are the prime factors of t?
2
Let p(k) = -95*k - 307. List the prime factors of p(-22).
1783
Suppose 56*h = 51*h + 1885. Let x = -2 + h. What are the prime factors of x?
3, 5
Suppose -5*o + 0*p = 4*p - 15, o = -4*p + 3. Suppose 5*v = -2*y - 194, 0*v + o*v - 485 = 5*y. What are the prime factors of -3*3/9*y?
97
Let y be -14 + 15 + (0 - 7). List the prime factors of (-1)/((-21)/y) + (-5490)/(-7).
2, 7
List the prime factors of ((-497372)/(-14) - 4) + 144/(-56) + 3.
3, 3947
Suppose -3*o - s - 18 = -6*o, -19 = -2*o + 3*s. Suppose v + 2840 = o*y, 3*y - 489 - 1227 = 3*v. List the prime factors of y.
3, 7
Let g(h) = -2*h**3 + 8*h**2 - 2*h - 15. Let w(a) = -3*a**3 + 15*a**2 - 5*a - 30. Let i(p) = -5*g(p) + 2*w(p). What are the prime factors of i(6)?
3, 173
Let p be (-7)/(-3) + (-76)/12 + 6. Suppose -2*g + 934 = p*x, -2*x + 2*g + 925 = g. List the prime factors of x.
2, 29
Suppose -12 = 2*c + 4*c. Let m(s) = 3*s + 8. Let p be m(c). Suppose -p*g + g = -53. What are the prime factors of g?
53
Let j = -138 - -153. Suppose 2*c + 78 = 3*c + 2*v, 0 = -5*v - j. What are the prime factors of c?
2, 3, 7
Suppose 7 + 5 = 6*l. Suppose 3 = l*g - 5. Suppose -g*v + 13 = -39. What are the prime factors of v?
13
Let t(u) = -3*u**2 - 36*u - 31. Let b be t(-11). What are the prime factors of b/6 